ors of 2261?
7, 17, 19
What are the prime factors of 14033?
14033
List the prime factors of 925.
5, 37
List the prime factors of 879.
3, 293
What are the prime factors of 159775?
5, 7, 11, 83
What are the prime factors of 17734?
2, 8867
List the prime factors of 625.
5
List the prime factors of 173.
173
List the prime factors of 1506.
2, 3, 251
What are the prime factors of 41825?
5, 7, 239
List the prime factors of 13397.
13397
List the prime factors of 753.
3, 251
List the prime factors of 1008.
2, 3, 7
What are the prime factors of 641?
641
List the prime factors of 453.
3, 151
What are the prime factors of 133592?
2, 16699
List the prime factors of 714.
2, 3, 7, 17
What are the prime factors of 5678?
2, 17, 167
What are the prime factors of 28306?
2, 14153
List the prime factors of 115058.
2, 57529
List the prime factors of 4242.
2, 3, 7, 101
List the prime factors of 56974.
2, 61, 467
What are the prime factors of 10780?
2, 5, 7, 11
List the prime factors of 2799.
3, 311
What are the prime factors of 463?
463
List the prime factors of 30620.
2, 5, 1531
List the prime factors of 3243.
3, 23, 47
List the prime factors of 66535.
5, 7, 1901
What are the prime factors of 99863?
37, 2699
What are the prime factors of 1554?
2, 3, 7, 37
List the prime factors of 68938.
2, 34469
What are the prime factors of 3633?
3, 7, 173
What are the prime factors of 6304?
2, 197
List the prime factors of 131832.
2, 3, 1831
What are the prime factors of 3841?
23, 167
What are the prime factors of 1909?
23, 83
What are the prime factors of 2478?
2, 3, 7, 59
What are the prime factors of 39737?
79, 503
What are the prime factors of 66355?
5, 23, 577
List the prime factors of 6802.
2, 19, 179
What are the prime factors of 346?
2, 173
What are the prime factors of 35245?
5, 7, 19, 53
What are the prime factors of 610?
2, 5, 61
List the prime factors of 6886.
2, 11, 313
List the prime factors of 425.
5, 17
What are the prime factors of 120323?
7, 17189
List the prime factors of 8577.
3, 953
List the prime factors of 7250.
2, 5, 29
What are the prime factors of 2689?
2689
List the prime factors of 2228.
2, 557
What are the prime factors of 675?
3, 5
List the prime factors of 316.
2, 79
List the prime factors of 1003.
17, 59
What are the prime factors of 16?
2
What are the prime factors of 79326?
2, 3, 13, 113
List the prime factors of 29422.
2, 47, 313
List the prime factors of 1411.
17, 83
What are the prime factors of 6194?
2, 19, 163
What are the prime factors of 63529?
17, 37, 101
List the prime factors of 295.
5, 59
List the prime factors of 1017.
3, 113
List the prime factors of 526.
2, 263
What are the prime factors of 143434?
2, 29, 2473
What are the prime factors of 1770?
2, 3, 5, 59
What are the prime factors of 44676?
2, 3, 17, 73
List the prime factors of 57767.
61, 947
List the prime factors of 4972.
2, 11, 113
List the prime factors of 9670.
2, 5, 967
What are the prime factors of 193?
193
List the prime factors of 1346.
2, 673
What are the prime factors of 914?
2, 457
What are the prime factors of 294?
2, 3, 7
What are the prime factors of 5298?
2, 3, 883
What are the prime factors of 26983?
11, 223
List the prime factors of 7819.
7, 1117
What are the prime factors of 721?
7, 103
What are the prime factors of 47271?
3, 7, 2251
What are the prime factors of 65492?
2, 7, 2339
List the prime factors of 228.
2, 3, 19
What are the prime factors of 9879?
3, 37, 89
List the prime factors of 16857.
3, 1873
List the prime factors of 3920.
2, 5, 7
What are the prime factors of 522?
2, 3, 29
What are the prime factors of 1631?
7, 233
What are the prime factors of 35973?
3, 7, 571
What are the prime factors of 32446?
2, 16223
List the prime factors of 2012.
2, 503
List the prime factors of 2669.
17, 157
List the prime factors of 2676.
2, 3, 223
List the prime factors of 14877.
3, 19, 29
List the prime factors of 133690.
2, 5, 29, 461
What are the prime factors of 23826?
2, 3, 11, 19
List the prime factors of 49368.
2, 3, 11, 17
What are the prime factors of 285?
3, 5, 19
What are the prime factors of 26508?
2, 3, 47
List the prime factors of 66596.
2, 16649
List the prime factors of 2815.
5, 563
List the prime factors of 3541.
3541
What are the prime factors of 9306?
2, 3, 11, 47
What are the prime factors of 6128?
2, 383
List the prime factors of 98084.
2, 7, 31, 113
List the prime factors of 1017.
3, 113
What are the prime factors of 4575?
3, 5, 61
List the prime factors of 1018.
2, 509
What are the prime factors of 7459?
7459
List the prime factors of 1159.
19, 61
What are the prime factors of 156618?
2, 3, 7, 11, 113
List the prime factors of 29318.
2, 107, 137
What are the prime factors of 24507?
3, 7, 389
List the prime factors of 2360.
2, 5, 59
What are the prime factors of 24363?
3, 2707
What are the prime factors of 936?
2, 3, 13
List the prime factors of 7793.
7793
List the prime factors of 889.
7, 127
List the prime factors of 214.
2, 107
List the prime factors of 1666.
2, 7, 17
What are the prime factors of 5927?
5927
List the prime factors of 13832.
2, 7, 13, 19
List the prime factors of 573.
3, 191
What are the prime factors of 3353?
7, 479
List the prime factors of 5611.
31, 181
List the prime factors of 451.
11, 41
What are the prime factors of 1950?
2, 3, 5, 13
What are the prime factors of 17370?
2, 3, 5, 193
List the prime factors of 6248.
2, 11, 71
List the prime factors of 16185.
3, 5, 13, 83
What are the prime factors of 57750?
2, 3, 5, 7, 11
List the prime factors of 11717.
11717
List the prime factors of 34493.
17, 2029
What are the prime factors of 11209?
11, 1019
List the prime factors of 3694.
2, 1847
What are the prime factors of 1133?
11, 103
What are the prime factors of 3925?
5, 157
What are the prime factors of 20747?
20747
List the prime factors of 94008.
2, 3, 3917
What are the prime factors of 336?
2, 3, 7
List the prime factors of 6258.
2, 3, 7, 149
What are the prime factors of 13733?
31, 443
List the prime factors of 325.
5, 13
List the prime factors of 12026.
2, 7, 859
What are the prime factors of 7051?
11, 641
What are the prime factors of 717?
3, 239
List the prime factors of 9559.
11, 79
What are the prime factors of 743?
743
What are the prime factors of 2505?
3, 5, 167
List the prime factors of 63971.
17, 53, 71
List the prime factors of 8444.
2, 2111
What are the prime factors of 2535?
3, 5, 13
What are the prime factors of 380?
2, 5, 19
What are the prime factors of 258?
2, 3, 43
What are the prime factors of 23713?
23, 1031
List the prime factors of 176.
2, 11
What are the prime factors of 802?
2, 401
List the prime factors of 3602.
2, 1801
List the prime factors of 43422.
2, 3, 7237
What are the prime factors of 4725?
3, 5, 7
List the prime factors of 6024.
2, 3, 251
List the prime factors of 18670.
2, 5, 1867
What are the prime factors of 1510?
2, 5, 151
List the prime factors of 6213.
3, 19, 109
What are the prime factors of 12105?
3, 5, 269
What are the prime factors of 969?
3, 17, 19
List the prime factors of 16665.
3, 5, 11, 101
List the prime factors of 29634.
2, 3, 11, 449
List the prime factors of 18392.
2, 11, 19
What are the prime factors of 91?
7, 13
What are the prime factors of 3262?
2, 7, 233
List the prime factors of 8640.
2, 3, 5
What are the prime factors of 4724?
2, 1181
What are the prime factors of 13103?
13103
List the prime factors of 4171.
43, 97
List the prime factors of 10146.
2, 3, 19, 89
List the prime factors of 27901.
27901
What are the prime factors of 7962?
2, 3, 1327
What are the prime factors of 7562?
2, 19, 199
List the prime factors of 12020.
2, 5, 601
List the prime factors of 967.
967
What are the prime factors of 28382?
2, 23, 617
What are the prime factors of 4771?
13, 367
What are the prime factors of 4527?
3, 503
What are the prime factors of 23202?
2, 3, 1289
What are the prime factors of 617?
617
List the prime factors of 52729.
67, 787
List the prime factors of 6946.
2, 23, 151
What are the prime factors of 26922?
2, 3, 7, 641
What are the prime factors of 3805?
5, 761
List the prime factors of 1896.
2, 3, 79
What are the prime factors of 14748?
2, 3, 1229
What are the prime factors of 195?
3, 5, 13
What are the prime factors of 190237?
281, 677
List the prime factors